{"id":480,"date":"2021-03-08T08:54:38","date_gmt":"2021-03-08T08:54:38","guid":{"rendered":"http:\/\/medyag.hu\/?page_id=480"},"modified":"2026-03-10T06:59:48","modified_gmt":"2026-03-10T06:59:48","slug":"kutatasiinfrastrukturafejlesztese","status":"publish","type":"page","link":"https:\/\/medyag.hu\/index.php\/kutatasiinfrastrukturafejlesztese\/","title":{"rendered":"KOMPLEX EG\u00c9SZS\u00c9GIPARI MULTIDISZCIPLIN\u00c1RIS KOMPETENCIA K\u00d6ZPONT KIALAK\u00cdT\u00c1SA A DEBRECENI EGYETEMEN \u00daJ INNOVAT\u00cdV TERM\u00c9KEK \u00c9S TECHNOL\u00d3GI\u00c1K FEJLESZT\u00c9SE \u00c9RDEK\u00c9BEN"},"content":{"rendered":"<p><img loading=\"lazy\" decoding=\"async\" class=\"alignright\" src=\"https:\/\/medyag.hu\/wp-content\/uploads\/2021\/03\/szechenyi_2020.png\" alt=\"GINOP-2.3.4-15-2020-00008\" width=\"338\" height=\"234\" \/><\/p>\n<div class=\"field__label\" style=\"text-align: center;\"><strong>A kedvezm\u00e9nyezett neve:<\/strong><\/div>\n<div class=\"field__item\" style=\"text-align: center;\">Debreceni Egyetem, MEDYAG Korl\u00e1tolt Felel\u0151ss\u00e9g\u0171 T\u00e1rsas\u00e1g, Richter Gedeon Vegy\u00e9szeti Gy\u00e1r Nyilv\u00e1nosan M\u0171k\u00f6d\u0151 Rt.<\/div>\n<div>\n<p style=\"text-align: center;\"><strong style=\"font-size: revert; color: initial;\">Projekt azonos\u00edt\u00f3ja:<\/strong><span style=\"font-size: revert; color: initial;\"> GINOP-2.3.4-15-2020-00008<\/span><\/p>\n<\/div>\n<p style=\"text-align: center;\"><strong>Szerz\u0151d\u00f6tt t\u00e1mogat\u00e1s \u00f6sszege:<\/strong> 3 523 137 729 Ft<br \/>\n<strong>T\u00e1mogat\u00e1s m\u00e9rt\u00e9ke:<\/strong> 78,83 %<\/p>\n<p style=\"text-align: center;\"><strong>A tagi t\u00e1mogat\u00e1s \u00f6sszege:<\/strong> 401 692 526 Ft<br \/>\n<strong>A projekt t\u00e9nyleges befejez\u00e9si d\u00e1tuma:<\/strong>\u00a02023. 12. 15.<\/p>\n<p><strong><u>\u00c1ltal\u00e1nos ismertet\u00e9s:<\/u><\/strong><\/p>\n<p>A \u201eFels\u0151oktat\u00e1si \u00e9s Ipari Egy\u00fcttm\u0171k\u00f6d\u00e9si K\u00f6zpont \u2013 Kutat\u00e1si infrastrukt\u00fara fejleszt\u00e9se\u201d c\u00edm\u0171 \u00e9s GINOP-2.3.4-15 k\u00f3dsz\u00e1m\u00fa felh\u00edv\u00e1sra beny\u00fajtott \u00e9s elnyert p\u00e1ly\u00e1zat c\u00e9lja a megl\u00e9v\u0151 gy\u00e1rt\u00e1si technol\u00f3gia korszer\u0171s\u00edt\u00e9se, a jelenlegi termel\u00e9si kapacit\u00e1s b\u0151v\u00edt\u00e9se, a k\u00e9sz\u00edtm\u00e9nyel\u0151\u00e1ll\u00edt\u00e1s el\u0151k\u00e9sz\u00edt\u00e9si folyamatainak, valamint a termel\u00e9si folyamatok biztons\u00e1gos, magas sz\u00ednvonalon t\u00f6rt\u00e9n\u0151 kivitelez\u00e9se.<\/p>\n<p>A Medyag Kft a projekt megval\u00f3s\u00edt\u00e1sa sor\u00e1n konzorciumi tagk\u00e9nt vesz r\u00e9szt a fejleszt\u00e9sben, a konzorcium vezet\u0151je a Debreceni Egyetem.<\/p>\n<p>A p\u00e1ly\u00e1zat megval\u00f3s\u00edt\u00e1si id\u0151szak\u00e1t k\u00f6vet\u0151en biztos\u00edtva lesz gy\u00f3gyszergy\u00e1rt\u00e1si k\u00f6r\u00fclm\u00e9nyek k\u00f6z\u00f6tt a sejtter\u00e1pi\u00e1s k\u00e9sz\u00edtm\u00e9nyek nagyobb volumenben t\u00f6rt\u00e9n\u0151 el\u0151\u00e1ll\u00edt\u00e1sa \u00e9s a meg\u00fajul\u00f3 term\u00e9ksk\u00e1la r\u00e9v\u00e9n az ellen\u0151rz\u00f6tt k\u00f6r\u00fclm\u00e9nyek k\u00f6z\u00f6tt el\u00e1ll\u00edtott mikrobiom alap\u00fa k\u00e9sz\u00edtm\u00e9nyek is, amelyek az el\u0151irt min\u0151s\u00e9gellen\u0151rz\u00e9st k\u00f6vet\u0151en az adott depresszi\u00f3s szindr\u00f3m\u00e1ban szenved\u0151 betegek, illetve az obezit\u00e1ssal k\u00fczd\u0151 egy\u00e9nek kezel\u00e9s\u00e9re haszn\u00e1lhat\u00f3ak fel.<\/p>\n<p>A projekt keretein bel\u00fcl a kutat\u00e1s-fejleszt\u00e9si feladatok megval\u00f3s\u00edt\u00e1s\u00e1val p\u00e1rhuzamosan l\u00e9trej\u00f6v\u0151 beruh\u00e1z\u00e1s sor\u00e1n t\u00e1rgyi eszk\u00f6z\u00f6k is ker\u00fclnek beszerz\u00e9sre, \u00fagymint<\/p>\n<ul>\n<li>ultram\u00e9lyh\u0171t\u0151<\/li>\n<li>lamin\u00e1ris boxok<\/li>\n<li>foly\u00e9kony nitrog\u00e9nt\u00e1rol\u00f3 rendszer<\/li>\n<li>m\u00e9rlegek<\/li>\n<li>autokl\u00e1v<\/li>\n<li>k\u00f6rk\u00f6r\u00f6s inkub\u00e1tor s\u00edkr\u00e1z\u00f3<\/li>\n<li>spektrofotom\u00e9ter<\/li>\n<li>k\u00e9mcs\u0151r\u00e1z\u00f3<\/li>\n<li>pipettor<\/li>\n<li>pipetta \u00e9s pipetta szettek<\/li>\n<li>kalibr\u00e1l\u00f3 \u00e9s mikrobiol\u00f3giai termoszt\u00e1tok<\/li>\n<li>pH \u00e9s vezet\u0151k\u00e9pess\u00e9g m\u00e9r\u0151<\/li>\n<li>f\u00e9nymikroszk\u00f3p<\/li>\n<li>h\u0171t\u0151szekr\u00e9nyek<\/li>\n<li>fermentor<\/li>\n<li>centrifuga<\/li>\n<li>digit\u00e1lis v\u00edzf\u00fcrd\u0151<\/li>\n<li>izol\u00e1tor rendszer.<\/li>\n<\/ul>\n<p>A kapacit\u00e1sb\u0151v\u00edt\u00e9s \u00e9s a technol\u00f3giai meg\u00fajul\u00e1s hossz\u00fa t\u00e1von biztos\u00edtani fogja a gy\u00e1rt\u00f3helyek maxim\u00e1lis kihaszn\u00e1lts\u00e1g\u00e1t \u00e9s a c\u00e9g megrendel\u00e9s \u00e1llom\u00e1ny\u00e1nak n\u00f6vel\u00e9s\u00e9t, ez\u00e1ltal a jelenlegi hum\u00e1n er\u0151forr\u00e1s \u00e1llom\u00e1nyi l\u00e9tsz\u00e1m\u00e1nak megtart\u00e1s\u00e1t, illetve j\u00f6v\u0151beli n\u00f6vel\u00e9s\u00e9t.<\/p>\n<p style=\"text-align: center;\"><strong><u>Tov\u00e1bbi inform\u00e1ci\u00f3 k\u00e9rhet\u0151:<br \/>\n<\/u><\/strong>MEDYAG Kft.<br \/>\nEl\u00e9rhet\u0151s\u00e9g: medyag@medyag.hu<\/p>\n<p style=\"text-align: center;\"><strong><u>A projekt megval\u00f3sul\u00e1s\u00e1nak helysz\u00ednei:<br \/>\n<\/u><\/strong>4032 Debrecen, Nagyerdei krt. 98. (22249\/1)<br \/>\n4030 Debrecen, Szatke Ferenc utca 1. (0493\/29)<\/p>\n<p style=\"text-align: center;\"><strong><u>A projekt a k\u00f6vetkez\u0151 k\u00f6zrem\u0171k\u00f6d\u0151 szervezet t\u00e1mogat\u00e1s\u00e1val val\u00f3sul meg:<br \/>\n<\/u><\/strong>P\u00e9nz\u00fcgyminiszt\u00e9rium<br \/>\nC\u00edm: 1539 Budapest, Postafi\u00f3k: 684<br \/>\nE-mail: gazdasagfejlesztes@pm.gov.hu<br \/>\nInfovonal: 06 40 200-617<br \/>\nHonlap: <a href=\"http:\/\/www.palyazat.gov.hu\">www.palyazat.gov.hu<\/a><\/p>\n","protected":false},"excerpt":{"rendered":"<p>A kedvezm\u00e9nyezett neve: Debreceni Egyetem, MEDYAG Korl\u00e1tolt Felel\u0151ss\u00e9g\u0171 T\u00e1rsas\u00e1g, Richter Gedeon Vegy\u00e9szeti Gy\u00e1r Nyilv\u00e1nosan M\u0171k\u00f6d\u0151 Rt. Projekt azonos\u00edt\u00f3ja: GINOP-2.3.4-15-2020-00008 Szerz\u0151d\u00f6tt t\u00e1mogat\u00e1s \u00f6sszege: 3 523 137 729 Ft T\u00e1mogat\u00e1s m\u00e9rt\u00e9ke: 78,83 % A tagi t\u00e1mogat\u00e1s \u00f6sszege: 401 692 526 Ft A projekt t\u00e9nyleges befejez\u00e9si d\u00e1tuma:\u00a02023. 12. 15. \u00c1ltal\u00e1nos ismertet\u00e9s: A \u201eFels\u0151oktat\u00e1si \u00e9s Ipari Egy\u00fcttm\u0171k\u00f6d\u00e9si K\u00f6zpont \u2013 [&hellip;]<\/p>\n","protected":false},"author":1,"featured_media":0,"parent":0,"menu_order":0,"comment_status":"closed","ping_status":"closed","template":"","meta":{"footnotes":""},"class_list":["post-480","page","type-page","status-publish","czr-hentry"],"_links":{"self":[{"href":"https:\/\/medyag.hu\/index.php\/wp-json\/wp\/v2\/pages\/480","targetHints":{"allow":["GET"]}}],"collection":[{"href":"https:\/\/medyag.hu\/index.php\/wp-json\/wp\/v2\/pages"}],"about":[{"href":"https:\/\/medyag.hu\/index.php\/wp-json\/wp\/v2\/types\/page"}],"author":[{"embeddable":true,"href":"https:\/\/medyag.hu\/index.php\/wp-json\/wp\/v2\/users\/1"}],"replies":[{"embeddable":true,"href":"https:\/\/medyag.hu\/index.php\/wp-json\/wp\/v2\/comments?post=480"}],"version-history":[{"count":13,"href":"https:\/\/medyag.hu\/index.php\/wp-json\/wp\/v2\/pages\/480\/revisions"}],"predecessor-version":[{"id":757,"href":"https:\/\/medyag.hu\/index.php\/wp-json\/wp\/v2\/pages\/480\/revisions\/757"}],"wp:attachment":[{"href":"https:\/\/medyag.hu\/index.php\/wp-json\/wp\/v2\/media?parent=480"}],"curies":[{"name":"wp","href":"https:\/\/api.w.org\/{rel}","templated":true}]}}