{"id":417,"date":"2020-06-09T12:09:46","date_gmt":"2020-06-09T12:09:46","guid":{"rendered":"http:\/\/medyag.hu\/?page_id=417"},"modified":"2020-06-09T12:22:04","modified_gmt":"2020-06-09T12:22:04","slug":"sejtterapias-keszitmenyek-gyartasa-es-tarolasa","status":"publish","type":"page","link":"https:\/\/medyag.hu\/index.php\/sejtterapias-keszitmenyek-gyartasa-es-tarolasa\/","title":{"rendered":"Sejtter\u00e1pi\u00e1s k\u00e9sz\u00edtm\u00e9nyek gy\u00e1rt\u00e1sa \u00e9s t\u00e1rol\u00e1sa"},"content":{"rendered":"<p>A Sejtter\u00e1pia Laborat\u00f3riumban jelenleg az al\u00e1bbi sejtter\u00e1pi\u00e1s term\u00e9kek el\u0151\u00e1ll\u00edt\u00e1sa folyik: csontvel\u0151i eredet\u0171 \u0151ssejteket tartalmaz\u00f3 k\u00e9sz\u00edtm\u00e9nyek hematol\u00f3giai betegek, illetve autoimmun betegek \u0151ssejt transzplant\u00e1ci\u00f3j\u00e1hoz.<\/p>\n<p><strong>Csontvel\u0151 eredet\u0171 \u0151ssejtek transzplant\u00e1ci\u00f3ja<\/strong><\/p>\n<p><img loading=\"lazy\" decoding=\"async\" class=\"size-full wp-image-431 alignright\" src=\"https:\/\/medyag.hu\/wp-content\/uploads\/2020\/06\/keszitmeny-gyartas-tarolas-01.jpg\" alt=\"\" width=\"200\" height=\"150\" \/>A szervek transzplant\u00e1ci\u00f3j\u00e1nak (\u00e1t\u00fcltet\u00e9s\u00e9nek) ig\u00e9nye az orvosl\u00e1s sz\u00e1mos szakter\u00fclet\u00e9n felmer\u00fcl, s \u00e1ltal\u00e1ban legv\u00e9gs\u0151 megold\u00e1sk\u00e9nt, amikor is a gy\u00f3gyszeres, valamint az egy\u00e9b konzervat\u00edv kezel\u00e9s nem ad biztat\u00f3 kil\u00e1t\u00e1st a gy\u00f3gyul\u00e1s ter\u00e9n. \u00cdgy van ez a v\u00e9rk\u00e9pz\u0151szervi megbeteged\u00e9sek eset\u00e9n is, amikor a v\u00e9rben k\u00f3ros sejtek alakulnak ki, mennyis\u00e9gileg vagy min\u0151s\u00e9gileg is alaposan elt\u00e9rnek az eg\u00e9szs\u00e9gesek\u00e9t\u0151l, mint p\u00e9ld\u00e1ul a leuk\u00e9mia legt\u00f6bb v\u00e1ltozat\u00e1ban.<\/p>\n<p>A Hodgkin-k\u00f3rban \u00e9s a non-Hodgkin lymphom\u00e1ban k\u00f3ros nyirokcsom\u00f3k vagy k\u00f3ros szervi \u00e9rintetts\u00e9gek alakulhatnak ki. Ezekben az \u00e1llapotokban az egyetlen \u00e9letmin\u0151s\u00e9get jav\u00edt\u00f3, illetve t\u00fal\u00e9l\u00e9st biztos\u00edt\u00f3 beavatkoz\u00e1s a beteg csontvel\u0151 lecser\u00e9l\u00e9s\u00e9vel val\u00f3s\u00edthat\u00f3 meg, amikor is a beteg az el\u0151z\u0151leg lefagyasztott, saj\u00e1t \u0151ssejtjeit kapja meg.<\/p>\n<p><img loading=\"lazy\" decoding=\"async\" class=\"size-full wp-image-432 alignright\" src=\"https:\/\/medyag.hu\/wp-content\/uploads\/2020\/06\/keszitmeny-gyartas-tarolas-02.jpg\" alt=\"\" width=\"200\" height=\"150\" \/><\/p>\n<p>El\u0151fordul olyan eset is, amikor a betegt\u0151l nem siker\u00fcl \u0151ssejteket gy\u0171jteni. Ilyenkor az immunol\u00f3giai tulajdons\u00e1gok megfelel\u0151 szint\u0171 egyez\u0151s\u00e9g\u00e9nek ellen\u0151rz\u00e9se ut\u00e1n idegen donort\u00f3l sz\u00e1rmaz\u00f3 \u0151ssejtek haszn\u00e1lat\u00e1val v\u00e9gzett un. allog\u00e9n transzplant\u00e1ci\u00f3 j\u00f6het sz\u00f3ba. Vannak olyan hematol\u00f3giai betegs\u00e9gek , amelyekn\u00e9l a csontvel\u0151ben tumoros sejtek vannak, amit kemoter\u00e1pi\u00e1val, teljes testbesug\u00e1rz\u00e1ssal semmis\u00edtenek meg, \u00e9s a v\u00e9rb\u0151l sz\u00e1rmaz\u00f3 saj\u00e1t \u0151ssejtek bead\u00e1sa eset\u00e9n is fenn\u00e1ll a vesz\u00e9lye annak, hogy a beteg saj\u00e1t tumoros sejtjeit is visszakapja, amit\u0151l ki\u00fajulhat a betegs\u00e9ge. Ebben az esetben k\u00f6vetkezik az a ter\u00e1pi\u00e1s lehet\u0151s\u00e9g, amikor a beteg, csontvel\u0151j\u00e9b\u0151l vagy v\u00e9r\u00e9b\u0151l a transzplant\u00e1ci\u00f3 el\u0151tt az \u0151ssejteket nagy tisztas\u00e1gban szepar\u00e1lj\u00e1k.<\/p>\n<p><strong>Az \u0151ssejtek t\u00e1rol\u00e1sa:<\/strong><\/p>\n<p>A v\u00e9r vagy csontvel\u0151 eredet\u0171 \u0151ssejteket nagyon pontos \u00e9s k\u00fcl\u00f6n erre a c\u00e9lra kifejlesztett elj\u00e1r\u00e1s szerint le kell fagyasztani -90\u00b0C fokra. Ezt k\u00f6vet\u0151en a sejteket tartalmaz\u00f3 speci\u00e1lis zs\u00e1kot foly\u00e9kony nitrog\u00e9nben, -140\u00b0C alatt t\u00e1roljuk. Ezen a rendk\u00edv\u00fcl hideg h\u0151m\u00e9rs\u00e9kleten gyakorlatilag \u00e9vtizedekig t\u00e1rolhat\u00f3k a sejtek \u00fagy, hogy felolvaszt\u00e1st k\u00f6vet\u0151en \u00e1ltal\u00e1ban a sejtek t\u00f6bb mint 90%-a \u00e9letk\u00e9pes.<\/p>\n","protected":false},"excerpt":{"rendered":"<p>A Sejtter\u00e1pia Laborat\u00f3riumban jelenleg az al\u00e1bbi sejtter\u00e1pi\u00e1s term\u00e9kek el\u0151\u00e1ll\u00edt\u00e1sa folyik: csontvel\u0151i eredet\u0171 \u0151ssejteket tartalmaz\u00f3 k\u00e9sz\u00edtm\u00e9nyek hematol\u00f3giai betegek, illetve autoimmun betegek \u0151ssejt transzplant\u00e1ci\u00f3j\u00e1hoz. Csontvel\u0151 eredet\u0171 \u0151ssejtek transzplant\u00e1ci\u00f3ja A szervek transzplant\u00e1ci\u00f3j\u00e1nak (\u00e1t\u00fcltet\u00e9s\u00e9nek) ig\u00e9nye az orvosl\u00e1s sz\u00e1mos szakter\u00fclet\u00e9n felmer\u00fcl, s \u00e1ltal\u00e1ban legv\u00e9gs\u0151 megold\u00e1sk\u00e9nt, amikor is a gy\u00f3gyszeres, valamint az egy\u00e9b konzervat\u00edv kezel\u00e9s nem ad biztat\u00f3 kil\u00e1t\u00e1st a gy\u00f3gyul\u00e1s [&hellip;]<\/p>\n","protected":false},"author":1,"featured_media":0,"parent":0,"menu_order":0,"comment_status":"closed","ping_status":"closed","template":"","meta":{"footnotes":""},"class_list":["post-417","page","type-page","status-publish","czr-hentry"],"_links":{"self":[{"href":"https:\/\/medyag.hu\/index.php\/wp-json\/wp\/v2\/pages\/417","targetHints":{"allow":["GET"]}}],"collection":[{"href":"https:\/\/medyag.hu\/index.php\/wp-json\/wp\/v2\/pages"}],"about":[{"href":"https:\/\/medyag.hu\/index.php\/wp-json\/wp\/v2\/types\/page"}],"author":[{"embeddable":true,"href":"https:\/\/medyag.hu\/index.php\/wp-json\/wp\/v2\/users\/1"}],"replies":[{"embeddable":true,"href":"https:\/\/medyag.hu\/index.php\/wp-json\/wp\/v2\/comments?post=417"}],"version-history":[{"count":2,"href":"https:\/\/medyag.hu\/index.php\/wp-json\/wp\/v2\/pages\/417\/revisions"}],"predecessor-version":[{"id":433,"href":"https:\/\/medyag.hu\/index.php\/wp-json\/wp\/v2\/pages\/417\/revisions\/433"}],"wp:attachment":[{"href":"https:\/\/medyag.hu\/index.php\/wp-json\/wp\/v2\/media?parent=417"}],"curies":[{"name":"wp","href":"https:\/\/api.w.org\/{rel}","templated":true}]}}