{"id":373,"date":"2018-05-25T12:35:07","date_gmt":"2018-05-25T12:35:07","guid":{"rendered":"http:\/\/medyag.hu\/?page_id=373"},"modified":"2026-03-10T06:47:03","modified_gmt":"2026-03-10T06:47:03","slug":"adatvedelmi-nyilatkozat","status":"publish","type":"page","link":"https:\/\/medyag.hu\/index.php\/adatvedelmi-nyilatkozat\/","title":{"rendered":"Adatv\u00e9delmi nyilatkozat"},"content":{"rendered":"<p>Adatv\u00e9delmi nyilatkozat<\/p>\n<p>T\u00e1rsas\u00e1gunk a GDPR rendelettel \u00f6sszhangban k\u00fcl\u00f6n\u00f6s figyelmet ford\u00edt az adatkezel\u00e9s sor\u00e1n a term\u00e9szetes szem\u00e9lyek szem\u00e9lyes adataik v\u00e9delm\u00e9re, a kapcsol\u00f3d\u00f3 alapelvek \u00e9s szab\u00e1lyok betart\u00e1s\u00e1ra, tov\u00e1bb\u00e1 tiszteletben tartja a term\u00e9szetes szem\u00e9lyek alapvet\u0151 jogait \u00e9s szabads\u00e1gait.<\/p>\n<p>T\u00e1j\u00e9koztatjuk, hogy az \u00d6n szem\u00e9lyes adat\u00e1nak kezel\u00e9s\u00e9t jelenleg a GDPR rendelet hat\u00e1lybal\u00e9p\u00e9s\u00e9t megel\u0151z\u0151en adott hozz\u00e1j\u00e1rul\u00e1sa alapj\u00e1n v\u00e9gezz\u00fck, amely a GDPR rendeletben foglaltak szerinti hozz\u00e1j\u00e1rul\u00e1snak tekinthet\u0151. T\u00e1j\u00e9koztatjuk, hogy az al\u00e1bbi e-mail c\u00edmen: medyag@medyag.hu a hozz\u00e1j\u00e1rul\u00e1s\u00e1t b\u00e1rmikor visszavonhatja, m\u00f3dos\u00edthatja \u00e9s k\u00e9rheti az \u00d6nr\u0151l t\u00e1rolt adatok t\u00f6rl\u00e9s\u00e9t. A bejelent\u00e9st k\u00f6vet\u0151en T\u00e1rsas\u00e1gunk m\u00f3dos\u00edtja, vagy t\u00f6rli a hozz\u00e1j\u00e1rul\u00e1s alapj\u00e1n kezelt szem\u00e9lyes adatait.<\/p>\n<p>Az adatkezel\u00e9ssel kapcsolatban az al\u00e1bbiakr\u00f3l t\u00e1j\u00e9koztatjuk:<\/p>\n<p>Adatkezel\u0151 megnevez\u00e9se: MEDYAG Kft.<br \/>\nSz\u00e9khely: 4032 Debrecen, Nagyerdei krt. 98.<br \/>\nC\u00e9gjegyz\u00e9ksz\u00e1m: 09 09 023082<br \/>\nEmail: medyag@medyag.hu<br \/>\nTelefon: +36 52 534 402<br \/>\nHonlap: www.medyag.hu<br \/>\nAdatkezel\u0151 k\u00e9pvisel\u0151je, el\u00e9rhet\u0151s\u00e9ge: Hudy Ferenc \u00fcgyvezet\u0151, e-mail: medyag@medyag.hu<br \/>\nAz adatkezel\u0151n\u00e9l adatv\u00e9delmi tisztvisel\u0151 nem ker\u00fclt kinevez\u00e9sre.<\/p>\n<p>1. Az adatkezel\u00e9s jogalapja:<br \/>\nAz \u00d6n \u00e1ltal az adatkezel\u0151 r\u00e9sz\u00e9re \u00f6nk\u00e9ntesen \u00e1tadott\/megadott szem\u00e9lyes adatainak kezel\u00e9se az \u00d6n \u00f6nk\u00e9ntes hozz\u00e1j\u00e1rul\u00e1s\u00e1n alapul\u00f3 adatszolg\u00e1ltat\u00e1s\u00e1n alapul.<\/p>\n<p>2. Az adatkezel\u00e9s c\u00e9lja \u00e9s id\u0151tartama:<br \/>\nKifejezett hozz\u00e1j\u00e1rul\u00e1sa alapj\u00e1n az adatkezel\u0151 az adatait kapcsolatfelv\u00e9tel c\u00e9lj\u00e1b\u00f3l kezeli, hozz\u00e1j\u00e1rul\u00e1sa visszavon\u00e1s\u00e1ig. A rendelkez\u00e9sre bocs\u00e1tott szem\u00e9lyes adatokat az adatkezel\u0151 kiz\u00e1r\u00f3lag a fent meghat\u00e1rozott c\u00e9lok \u00e9rdek\u00e9ben, bizalmasan kezeli, harmadik szem\u00e9lyek r\u00e9sz\u00e9re adattov\u00e1bb\u00edt\u00e1s, adatk\u00f6zl\u00e9s nem t\u00f6rt\u00e9nik, tov\u00e1bb\u00e1 az adatkezel\u0151 a fenti c\u00e9lt\u00f3l elt\u00e9r\u0151 c\u00e9lb\u00f3l tov\u00e1bbi adatkezel\u00e9st nem v\u00e9gez.<\/p>\n<p>3. Az \u00d6n, mint \u00e9rintett jogai:<br \/>\nAz adatkezel\u0151 az \u00d6n k\u00e9r\u00e9s\u00e9re minden esetben d\u00edjmentesen t\u00e1j\u00e9koztat\u00e1st ad az \u00e1ltala kezelt szem\u00e9lyes adatainak kezel\u00e9s\u00e9r\u0151l, tov\u00e1bb\u00e1 \u00d6n b\u00e1rmikor k\u00e9rheti a szem\u00e9lyes adataihoz val\u00f3 hozz\u00e1f\u00e9r\u00e9st, azok helyesb\u00edt\u00e9s\u00e9t, illetve t\u00f6rl\u00e9s\u00e9t vagy kezel\u00e9s\u00e9nek korl\u00e1toz\u00e1s\u00e1t \u00e9s tiltakozhat a szem\u00e9lyes adatainak kezel\u00e9se ellen. Jogosult tov\u00e1bb\u00e1 arra, hogy az \u00d6nre vonatkoz\u00f3, rendelkez\u00e9sre bocs\u00e1tott szem\u00e9lyes adatokat tagolt, sz\u00e9les k\u00f6rben haszn\u00e1lt, g\u00e9ppel olvashat\u00f3 form\u00e1tumban megkapja, tov\u00e1bb\u00e1 arra, hogy ezeket az adatokat egy m\u00e1sik adatkezel\u0151nek tov\u00e1bb\u00edtsa an\u00e9lk\u00fcl, hogy ezt az adatkezel\u0151 akad\u00e1lyozn\u00e1.<\/p>\n<p>T\u00e1j\u00e9koztatjuk tov\u00e1bb\u00e1, hogy a vonatkoz\u00f3 jogszab\u00e1lyokban biztos\u00edtott jogainak megs\u00e9rt\u00e9se eset\u00e9n az adatkezel\u0151 ellen b\u00edr\u00f3s\u00e1ghoz fordulhat. A b\u00edr\u00f3s\u00e1ghoz fordul\u00e1s menet\u00e9t az Info t\u00f6rv\u00e9ny 22. \u00a7-a hat\u00e1rozza meg.<\/p>\n<p>T\u00e1rsas\u00e1gunk honlapj\u00e1n nem haszn\u00e1l a felhaszn\u00e1l\u00f3k b\u00f6ng\u00e9sz\u00e9si szok\u00e1sait k\u00f6vet\u0151 s\u00fctiket, ilyen jelleg\u0171 adatokat nem gy\u0171jt, \u00e9s nem t\u00e1rol.<\/p>\n","protected":false},"excerpt":{"rendered":"<p>Adatv\u00e9delmi nyilatkozat T\u00e1rsas\u00e1gunk a GDPR rendelettel \u00f6sszhangban k\u00fcl\u00f6n\u00f6s figyelmet ford\u00edt az adatkezel\u00e9s sor\u00e1n a term\u00e9szetes szem\u00e9lyek szem\u00e9lyes adataik v\u00e9delm\u00e9re, a kapcsol\u00f3d\u00f3 alapelvek \u00e9s szab\u00e1lyok betart\u00e1s\u00e1ra, tov\u00e1bb\u00e1 tiszteletben tartja a term\u00e9szetes szem\u00e9lyek alapvet\u0151 jogait \u00e9s szabads\u00e1gait. T\u00e1j\u00e9koztatjuk, hogy az \u00d6n szem\u00e9lyes adat\u00e1nak kezel\u00e9s\u00e9t jelenleg a GDPR rendelet hat\u00e1lybal\u00e9p\u00e9s\u00e9t megel\u0151z\u0151en adott hozz\u00e1j\u00e1rul\u00e1sa alapj\u00e1n v\u00e9gezz\u00fck, amely a GDPR [&hellip;]<\/p>\n","protected":false},"author":1,"featured_media":0,"parent":0,"menu_order":0,"comment_status":"closed","ping_status":"closed","template":"","meta":{"footnotes":""},"class_list":["post-373","page","type-page","status-publish","czr-hentry"],"_links":{"self":[{"href":"https:\/\/medyag.hu\/index.php\/wp-json\/wp\/v2\/pages\/373","targetHints":{"allow":["GET"]}}],"collection":[{"href":"https:\/\/medyag.hu\/index.php\/wp-json\/wp\/v2\/pages"}],"about":[{"href":"https:\/\/medyag.hu\/index.php\/wp-json\/wp\/v2\/types\/page"}],"author":[{"embeddable":true,"href":"https:\/\/medyag.hu\/index.php\/wp-json\/wp\/v2\/users\/1"}],"replies":[{"embeddable":true,"href":"https:\/\/medyag.hu\/index.php\/wp-json\/wp\/v2\/comments?post=373"}],"version-history":[{"count":4,"href":"https:\/\/medyag.hu\/index.php\/wp-json\/wp\/v2\/pages\/373\/revisions"}],"predecessor-version":[{"id":752,"href":"https:\/\/medyag.hu\/index.php\/wp-json\/wp\/v2\/pages\/373\/revisions\/752"}],"wp:attachment":[{"href":"https:\/\/medyag.hu\/index.php\/wp-json\/wp\/v2\/media?parent=373"}],"curies":[{"name":"wp","href":"https:\/\/api.w.org\/{rel}","templated":true}]}}