{"id":365,"date":"2017-11-20T14:06:15","date_gmt":"2017-11-20T14:06:15","guid":{"rendered":"http:\/\/medyag.hu\/?page_id=365"},"modified":"2025-08-28T08:41:12","modified_gmt":"2025-08-28T08:41:12","slug":"keszitmenyek-eloallitasa-forgalmazasa","status":"publish","type":"page","link":"https:\/\/medyag.hu\/index.php\/keszitmenyek-eloallitasa-forgalmazasa\/","title":{"rendered":"K\u00e9sz\u00edtm\u00e9nyek el\u0151\u00e1ll\u00edt\u00e1sa, forgalmaz\u00e1sa"},"content":{"rendered":"<p>EGYEDI K\u00c9SZ\u00cdTM\u00c9NYEK EL\u0150\u00c1LL\u00cdT\u00c1SA, FORGALMAZ\u00c1SA<\/p>\n<p>Partnereink r\u00e9sz\u00e9re lehet\u0151s\u00e9get biztos\u00edtunk egyedi gy\u00e1rt\u00e1s\u00fa, speci\u00e1lis k\u00e9sz\u00edtm\u00e9nyek megrendel\u00e9s\u00e9re.<\/p>\n<p>A vev\u0151i ig\u00e9nyeknek megfelel\u0151 k\u00e9sz\u00edtm\u00e9nyeink &#8211; a GMP ir\u00e1nyelveinek megfelel\u0151 laborat\u00f3riumunkban &#8211; kissz\u00e9ri\u00e1s mennyis\u00e9gben ker\u00fclnek el\u0151\u00e1ll\u00edt\u00e1sra, az el\u0151\u00e1ll\u00edt\u00e1s sor\u00e1n szigor\u00faan betartva a szakmaspecifikus ir\u00e1nyelveket \u00e9s a gy\u00f3gyszeripari min\u0151s\u00e9gir\u00e1ny\u00edt\u00e1si rendszer \u00e1ltal el\u0151\u00edrt k\u00f6vetelm\u00e9nyeket.<\/p>\n<p>Az egyedi gy\u00e1rt\u00e1s\u00fa, speci\u00e1lis k\u00e9sz\u00edtm\u00e9nyeket felk\u00e9sz\u00fclt, rendszeresen oktatott, t\u00f6bb \u00e9ves szakmai tapasztalatokkal rendelkez\u0151 munkat\u00e1rsaink \u00e1ll\u00edtj\u00e1k el\u0151.<\/p>\n<p>Rendelhet\u0151 k\u00e9sz\u00edtm\u00e9nyek:<\/p>\n<table width=\"475\">\n<tbody>\n<tr>\n<td width=\"64\">T\u00f6rzssz\u00e1m<\/td>\n<td width=\"78\">Term\u00e9k n\u00e9v<\/td>\n<td width=\"191\">\u00c1ltal\u00e1nos le\u00edr\u00e1s<\/td>\n<td width=\"71\">Kiszerel\u00e9s<\/td>\n<td width=\"71\">Rendelhet\u0151 legkisebb mennyis\u00e9g<\/td>\n<\/tr>\n<tr>\n<td width=\"64\">M101-01<\/td>\n<td width=\"78\">MED-BIO-01<\/td>\n<td width=\"191\">\u00c9l\u0151 vagy inakt\u00edv\u00e1lt mikroorganizmust tartalmaz\u00f3 k\u00eds\u00e9rleti biol\u00f3giai k\u00e9sz\u00edtm\u00e9ny<\/td>\n<td width=\"71\">ampulla<\/td>\n<td width=\"71\">egyedi meg\u00e1llapod\u00e1s szerint<\/td>\n<\/tr>\n<tr>\n<td width=\"64\">M101-02<\/td>\n<td width=\"78\">MED-BIO-02<\/td>\n<td width=\"191\">\u00c9l\u0151 vagy inakt\u00edv\u00e1lt mikroorganizmust tartalmaz\u00f3 k\u00eds\u00e9rleti biol\u00f3giai k\u00e9sz\u00edtm\u00e9ny<\/td>\n<td width=\"71\">bulk<\/td>\n<td width=\"71\">egyedi meg\u00e1llapod\u00e1s szerint<\/td>\n<\/tr>\n<tr>\n<td width=\"64\">M101-03<\/td>\n<td width=\"78\">MED-BIO-03<\/td>\n<td width=\"191\">\u00c9l\u0151 vagy inakt\u00edv\u00e1lt mikroorganizmust tartalmaz\u00f3 k\u00eds\u00e9rleti biol\u00f3giai k\u00e9sz\u00edtm\u00e9ny<\/td>\n<td width=\"71\">kapszula<\/td>\n<td width=\"71\">egyedi meg\u00e1llapod\u00e1s szerint<\/td>\n<\/tr>\n<tr>\n<td width=\"64\">M101-04<\/td>\n<td width=\"78\">MED-BIO-04<\/td>\n<td width=\"191\">\u00c9l\u0151 vagy inakt\u00edv\u00e1lt mikroorganizmust tartalmaz\u00f3 k\u00eds\u00e9rleti biol\u00f3giai k\u00e9sz\u00edtm\u00e9ny<\/td>\n<td width=\"71\">k\u00fap<\/td>\n<td width=\"71\">egyedi meg\u00e1llapod\u00e1s szerint<\/td>\n<\/tr>\n<tr>\n<td width=\"64\">M101-05<\/td>\n<td width=\"78\">MED-BIO-05<\/td>\n<td width=\"191\">\u00c9l\u0151 vagy inakt\u00edv\u00e1lt mikroorganizmust tartalmaz\u00f3 k\u00eds\u00e9rleti biol\u00f3giai k\u00e9sz\u00edtm\u00e9ny<\/td>\n<td width=\"71\">tapasz<\/td>\n<td width=\"71\">egyedi meg\u00e1llapod\u00e1s szerint<\/td>\n<\/tr>\n<tr>\n<td width=\"64\">M102-01<\/td>\n<td width=\"78\">MED-BACT-01<\/td>\n<td width=\"191\">Egyedi specifik\u00e1ci\u00f3 szerint el\u0151\u00e1ll\u00edtott bakteri\u00e1lis teny\u00e9szkult\u00fara<\/td>\n<td width=\"71\">folyad\u00e9k\u00fcveg<\/td>\n<td width=\"71\">50 ml<\/td>\n<\/tr>\n<tr>\n<td width=\"64\">M102-02<\/td>\n<td width=\"78\">MED-BACT-02<\/td>\n<td width=\"191\">Egyedi specifik\u00e1ci\u00f3 szerint el\u0151\u00e1ll\u00edtott speci\u00e1lis t\u00e1poldat<\/td>\n<td width=\"71\">folyad\u00e9k\u00fcveg<\/td>\n<td width=\"71\">50 ml<\/td>\n<\/tr>\n<tr>\n<td width=\"64\">M103-01<\/td>\n<td width=\"78\">MED-FAG-01<\/td>\n<td width=\"191\">R\u00e9gi\u00f3specifikus, litikus f\u00e1gtartalm\u00fa mintaoldat<\/td>\n<td width=\"71\">ampulla<\/td>\n<td width=\"71\">2 ml<\/td>\n<\/tr>\n<tr>\n<td width=\"64\">M103-02<\/td>\n<td width=\"78\">MED-FAG-02<\/td>\n<td width=\"191\">R\u00e9gi\u00f3specifikus, lizog\u00e9n f\u00e1gtartalm\u00fa mintaoldat<\/td>\n<td width=\"71\">ampulla<\/td>\n<td width=\"71\">2 ml<\/td>\n<\/tr>\n<tr>\n<td width=\"64\">M104-01<\/td>\n<td width=\"78\">MED-HAG-01<\/td>\n<td width=\"191\">HAG-szuszpenzi\u00f3 Av1<\/td>\n<td width=\"71\">Eppendorf cs\u0151<\/td>\n<td width=\"71\">0,4 ml<\/td>\n<\/tr>\n<tr>\n<td width=\"64\">M104-02<\/td>\n<td width=\"78\">MED-HAG-02<\/td>\n<td width=\"191\">HAG-szuszpenzi\u00f3 Av2<\/td>\n<td width=\"71\">Eppendorf cs\u0151<\/td>\n<td width=\"71\">0,4 ml<\/td>\n<\/tr>\n<tr>\n<td width=\"64\">M104-03<\/td>\n<td width=\"78\">MED-HAG-03<\/td>\n<td width=\"191\">HAG-szuszpenzi\u00f3 Bv1<\/td>\n<td width=\"71\">Eppendorf cs\u0151<\/td>\n<td width=\"71\">0,4 ml<\/td>\n<\/tr>\n<tr>\n<td width=\"64\">M105-01<\/td>\n<td width=\"78\">MED-PBS-01<\/td>\n<td width=\"191\">Foszf\u00e1t pufferoldat PBS-b\u0151l<\/td>\n<td width=\"71\">folyad\u00e9k\u00fcveg<\/td>\n<td width=\"71\">100 ml<\/td>\n<\/tr>\n<tr>\n<td width=\"64\">M106-01<\/td>\n<td width=\"78\">MED-RDE-01<\/td>\n<td width=\"191\">Receptor inakt\u00edv\u00e1l\u00f3 enzim-szuszpenzi\u00f3<\/td>\n<td width=\"71\">folyad\u00e9k\u00fcveg<\/td>\n<td width=\"71\">20 ml<\/td>\n<\/tr>\n<tr>\n<td width=\"64\">M107-01<\/td>\n<td width=\"78\">MED-VIR-01<\/td>\n<td width=\"191\">Sz\u00f6vetalap\u00fa, fibroblaszt tartalm\u00fa teny\u00e9szoldat<\/td>\n<td width=\"71\">folyad\u00e9k\u00fcveg<\/td>\n<td width=\"71\">500 ml<\/td>\n<\/tr>\n<\/tbody>\n<\/table>\n<p>K\u00e9rje egyedi \u00e1raj\u00e1nlatunkat!<\/p>\n<p>Kapcsolatfelv\u00e9tel:<\/p>\n<p>Hazafi Mikl\u00f3s, operat\u00edv \u00e9s min\u0151s\u00e9gir\u00e1ny\u00edt\u00e1si igazgat\u00f3<\/p>\n<p>E-mail: medyag@medyag.hu<\/p>\n<p>Mobil: +36 20\u00a0419 7060<\/p>\n","protected":false},"excerpt":{"rendered":"<p>EGYEDI K\u00c9SZ\u00cdTM\u00c9NYEK EL\u0150\u00c1LL\u00cdT\u00c1SA, FORGALMAZ\u00c1SA Partnereink r\u00e9sz\u00e9re lehet\u0151s\u00e9get biztos\u00edtunk egyedi gy\u00e1rt\u00e1s\u00fa, speci\u00e1lis k\u00e9sz\u00edtm\u00e9nyek megrendel\u00e9s\u00e9re. A vev\u0151i ig\u00e9nyeknek megfelel\u0151 k\u00e9sz\u00edtm\u00e9nyeink &#8211; a GMP ir\u00e1nyelveinek megfelel\u0151 laborat\u00f3riumunkban &#8211; kissz\u00e9ri\u00e1s mennyis\u00e9gben ker\u00fclnek el\u0151\u00e1ll\u00edt\u00e1sra, az el\u0151\u00e1ll\u00edt\u00e1s sor\u00e1n szigor\u00faan betartva a szakmaspecifikus ir\u00e1nyelveket \u00e9s a gy\u00f3gyszeripari min\u0151s\u00e9gir\u00e1ny\u00edt\u00e1si rendszer \u00e1ltal el\u0151\u00edrt k\u00f6vetelm\u00e9nyeket. Az egyedi gy\u00e1rt\u00e1s\u00fa, speci\u00e1lis k\u00e9sz\u00edtm\u00e9nyeket felk\u00e9sz\u00fclt, rendszeresen oktatott, t\u00f6bb \u00e9ves [&hellip;]<\/p>\n","protected":false},"author":2,"featured_media":0,"parent":0,"menu_order":0,"comment_status":"closed","ping_status":"closed","template":"","meta":{"footnotes":""},"class_list":["post-365","page","type-page","status-publish","czr-hentry"],"_links":{"self":[{"href":"https:\/\/medyag.hu\/index.php\/wp-json\/wp\/v2\/pages\/365","targetHints":{"allow":["GET"]}}],"collection":[{"href":"https:\/\/medyag.hu\/index.php\/wp-json\/wp\/v2\/pages"}],"about":[{"href":"https:\/\/medyag.hu\/index.php\/wp-json\/wp\/v2\/types\/page"}],"author":[{"embeddable":true,"href":"https:\/\/medyag.hu\/index.php\/wp-json\/wp\/v2\/users\/2"}],"replies":[{"embeddable":true,"href":"https:\/\/medyag.hu\/index.php\/wp-json\/wp\/v2\/comments?post=365"}],"version-history":[{"count":4,"href":"https:\/\/medyag.hu\/index.php\/wp-json\/wp\/v2\/pages\/365\/revisions"}],"predecessor-version":[{"id":740,"href":"https:\/\/medyag.hu\/index.php\/wp-json\/wp\/v2\/pages\/365\/revisions\/740"}],"wp:attachment":[{"href":"https:\/\/medyag.hu\/index.php\/wp-json\/wp\/v2\/media?parent=365"}],"curies":[{"name":"wp","href":"https:\/\/api.w.org\/{rel}","templated":true}]}}